hat is t(12)?
-741
Let o(t) = 22*t**3 - 651*t**2 - 248*t - 703. Determine o(30).
-43
Let o(c) = 9*c**2 - 2739*c - 18135. Determine o(311).
525
Let g(b) = -1391*b - 9892. What is g(-7)?
-155
Let w(u) = 87734*u + 1754676. Give w(-20).
-4
Let y(i) = -2*i**3 - 36*i**2 + 402*i + 306. What is y(8)?
194
Let t(v) = -2*v**2 + 319*v - 2765. Give t(9).
-56
Let w(n) = n**3 - 31*n**2 + 219*n - 25. Calculate w(8).
255
Let b(i) = 6031*i - 84417. Calculate b(14).
17
Let f(y) = 159*y**2 + 1236*y + 3706. Determine f(-3).
1429
Let r(f) = 179633*f - 2874132. Calculate r(16).
-4
Let b(l) = l**2 - 538*l + 51889. Determine b(412).
-23
Let u(c) = -c**2 + 505*c + 11185. Give u(-21).
139
Let f(d) = d**3 - 14*d**2 - 131*d - 99. What is f(21)?
237
Let h(d) = d**2 - 738*d + 128950. Calculate h(284).
14
Let d(t) = -3*t**3 + 107*t**2 + 743*t - 25454. What is d(36)?
-2
Let m(j) = -5*j**2 + 6257*j - 50086. Determine m(8).
-350
Let a(d) = -d**2 - 20186*d + 161593. Calculate a(8).
41
Let d(u) = 6*u**3 - 50*u**2 + 90*u + 12. Give d(7).
250
Let x(n) = -n**3 + 384*n**2 - 31532*n - 814. Determine x(265).
-19
Let d(k) = 2307*k - 11792. Give d(5).
-257
Let l(n) = 1019*n + 173208. What is l(-170)?
-22
Let b(v) = -5*v**2 + 517*v - 495. What is b(104)?
-807
Let v(c) = 2*c**3 + 117*c**2 - 2076*c + 652. What is v(14)?
8
Let b(a) = -4489*a**2 - 12987*a + 1436. What is b(-3)?
-4
Let f(a) = -13608*a + 217665. Calculate f(16).
-63
Let p(b) = -284*b - 4477. What is p(-22)?
1771
Let d(o) = o**3 + 201*o**2 - 1111*o - 16691. Calculate d(-206).
-5
Let i(u) = -2*u**3 - 28*u**2 + 41*u - 2246. Determine i(-18).
-392
Let b(z) = z**3 - 57*z**2 + 15749*z - 897683. Determine b(57).
10
Let x(b) = 29079*b - 173505. Determine x(6).
969
Let u(x) = -8*x**3 + 89*x**2 - 173*x - 63. Determine u(3).
3
Let d(k) = k**2 - 583*k + 55523. Determine d(463).
-37
Let d(v) = 317*v - 2116. Calculate d(7).
103
Let y(n) = n**3 - 13*n**2 - 76*n + 711. What is y(15)?
21
Let z(n) = n**3 + 30*n**2 - 23*n + 310. Give z(-29).
1818
Let k(q) = 144*q + 5100. Give k(-34).
204
Let g(s) = s**3 - 775*s**2 + 111185*s - 6645. Give g(190).
5
Let t(i) = -i**3 + 15*i**2 + 35*i + 224. Calculate t(17).
241
Let g(w) = -291*w**2 + 18632*w - 490. Calculate g(64).
22
Let h(u) = 3745*u - 39241. What is h(11)?
1954
Let c(x) = -x**3 + 18*x**2 - 4501*x - 118379. What is c(-22)?
3
Let i(r) = 13*r**2 + 737*r - 11774. Give i(13).
4
Let q(j) = 84*j**2 + 228*j - 1652. What is q(8)?
5548
Let v(p) = 19*p**2 - 277*p + 3816. Calculate v(20).
5876
Let i(b) = b**2 + 2555*b + 17791. Give i(-7).
-45
Let t(j) = -j**3 + 54*j**2 + 443*j - 23961. Determine t(54).
-39
Let m(d) = -d**3 + 177*d**2 - 6636*d - 704. Determine m(123).
34
Let c(w) = 341*w - 88519. Calculate c(259).
-200
Let d(j) = -j**3 + 10*j**2 - 17*j + 1. Determine d(15).
-1379
Let n(s) = 18*s**2 - 1220*s - 26398. What is n(85)?
-48
Let b(n) = -25296*n - 253179. Calculate b(-10).
-219
Let p(o) = 9*o**2 - 12479*o - 49915. What is p(-4)?
145
Let q(o) = 208*o - 23167. Determine q(111).
-79
Let a(j) = -j**2 - 18616*j - 256. Determine a(0).
-256
Let a(x) = -3*x**3 + 163*x**2 + 14*x - 913. Calculate a(54).
2759
Let i(c) = 58836*c + 294184. Calculate i(-5).
4
Let r(y) = y**3 - 866*y**2 - 48*y + 41575. What is r(866)?
7
Let b(x) = -2*x**3 - 24*x**2 + 15*x + 59. Calculate b(-12).
-121
Let k(u) = 135*u**2 - 33532*u + 12888. Give k(248).
-8
Let b(x) = 95*x + 5111. Determine b(-43).
1026
Let s(a) = a**3 + 2*a**2 + 316*a + 3414. What is s(-9)?
3
Let a(z) = -2*z**3 + 81*z**2 - 535*z + 23634. Determine a(41).
18
Let u(l) = -l**3 - 201*l**2 - 140*l - 27767. What is u(-201)?
373
Let w(p) = p**2 - 654*p - 18243. Determine w(-27).
144
Let u(v) = -v**3 - 48*v**2 + 25255*v + 949489. Give u(-37).
-5
Let y(r) = -20535*r + 780399. Give y(38).
69
Let i(d) = -5468*d - 913151. Calculate i(-167).
5
Let a(z) = -31*z**2 + 1817*z + 16433. Give a(-8).
-87
Let m(a) = -680*a - 104028. Give m(-153).
12
Let g(j) = -229*j**2 - 24494*j + 954. What is g(-107)?
-9
Let q(o) = 3778437*o + 37784368. What is q(-10)?
-2
Let h(u) = -u**3 - 41*u**2 - 381*u + 789. Give h(-20).
9
Let o(s) = -6*s**2 + 553*s - 7694. Determine o(17).
-27
Let p(r) = -388*r - 200851. Give p(-517).
-255
Let o(k) = 2*k**3 - 41*k**2 + 182*k + 20. What is o(6)?
68
Let u(j) = 310*j - 23103. What is u(74)?
-163
Let h(y) = -96046*y + 33904238. Determine h(353).
0
Let k(w) = 19411*w**2 + 58234*w - 51. Determine k(-3).
-54
Let j(p) = 6412*p - 64139. Give j(10).
-19
Let j(o) = o**3 - 441*o**2 + 1310*o + 1769. What is j(438)?
17
Let i(k) = 18*k**2 + 420*k - 14484. Determine i(19).
-6
Let z(u) = -850663*u + 2551976. Calculate z(3).
-13
Let i(a) = -5*a**2 - 17640*a + 52935. Calculate i(3).
-30
Let o(r) = 599154*r + 12582234. Calculate o(-21).
0
Let w(t) = 204*t**2 + 11911*t + 4544. What is w(-58)?
-38
Let v(a) = 2*a**2 - 91*a + 88. Determine v(50).
538
Let l(h) = -1777*h - 211759. Give l(-119).
-296
Let s(k) = k**3 - 17*k**2 - 1254*k + 158. Calculate s(-28).
-10
Let y(r) = 1306*r - 329294. What is y(252)?
-182
Let y(o) = 18*o**2 - 1256*o + 164. Calculate y(70).
444
Let w(g) = g**3 - 585*g**2 + 16652*g - 54. Determine w(30).
6
Let d(i) = i**2 - 2961*i + 230475. What is d(80)?
-5
Let q(i) = -706*i**2 - 4927*i + 16. Determine q(-7).
-89
Let h(o) = 19*o**3 + 1143*o**2 + 188*o + 358. Calculate h(-60).
-122
Let y(k) = k**3 - 46*k**2 + 55*k + 323. Give y(44).
-1129
Let w(a) = -4*a**3 - 45*a**2 - 44*a - 128. Calculate w(-11).
235
Let h(f) = -357028*f - 1785138. What is h(-5)?
2
Let u(x) = -x**2 - 11371*x + 45479. Determine u(4).
-21
Let l(q) = -2*q**3 + 292*q**2 - 1422*q + 207612. What is l(146)?
0
Let s(p) = 12369*p + 197447. Calculate s(-16).
-457
Let p(i) = -i**2 + 304*i - 22467. Determine p(174).
153
Let t(o) = o**3 + 31*o**2 - 290*o - 189. Calculate t(8).
-13
Let s(t) = -3*t**3 - 9*t**2 - 522*t - 3650. Give s(-7).
592
Let h(d) = 148*d + 11177. What is h(-75)?
77
Let g(w) = 1286*w - 79947. Give g(62).
-215
Let h(k) = 3*k**3 - 74*k**2 - 752*k + 18156. Determine h(25).
-19
Let a(c) = -7*c + 754. Determine a(-19).
887
Let b(u) = 4945*u - 460014. Give b(93).
-129
Let l(x) = 24*x**2 - 1346*x + 134. Give l(56).
22
Let v(f) = -4*f**2 - 138*f + 403. Calculate v(-38).
-129
Let y(s) = -8397*s + 235143. Give y(28).
27
Let q(t) = -801*t + 37636. Determine q(47).
-11
Let p(k) = -450*k - 23831. What is p(-54)?
469
Let b(y) = -46190*y + 646667. Calculate b(14).
7
Let t(n) = -20*n**2 - 113*n - 214. Determine t(-3).
-55
Let g(v) = -14*v**2 - 304*v + 2935. Calculate g(8).
-393
Let s(f) = 1229*f + 22. Determine s(1).
1251
Let t(u) = 1379*u + 278521. Determine t(-202).
-37
Let z(r) = 2400*r**2 + 26438*r + 420. What is z(-11)?
2
Let k(d) = -d**3 + 32*d**2 - 3293*d + 84992. Give k(27).
-274
Let t(l) = 3068*l + 76. Give t(0).
76
Let f(d) = -10*d**3 + 45*d**2 - 1298*d + 5121. Calculate f(4).
9
Let u(z) = -8*z**2 - 914*z - 6168. Give u(-107).
38
Let v(f) = f**3 + 33*f**2 - 830*f - 27343. Determine v(-33).
47
Let i(s) = 117593*s + 21284343. Calculate i(-181).
10
Let x(o) = -48*o**3 + 24*o**2 - 372*o + 348. Determine x(1).
-48
Let y(v) = 2*v**3 + 29*v**2 - 564*v - 5. Determine y(11).
-38
Let m(w) = -338*w - 1960. Determine m(-6).
68
Let q(r) = -2*r**3 + 35*r**2 - 1143*r + 5092. Determine q(5).
2
Let k(g) = g**3 - 33*g**2 - 1679*g + 3383. Determine k(-29).
-68
Let s(o) = -2*o**3 + 35*o**2 - 489*o + 5490. Calculate s(14).
16
Let h(j) = -53806*j + 5380596. Give h(100).
-4
Let p(m) = -2*m**2 - 76*m + 1234. What is p(-46)?
498
Let v(n) = -3*n**2 + 8728*n - 310326. Give v(36).
-6
Let t(b) = 16882*b - 84032. Determine t(5).
378
Let g(s) = -183*s**2 - 507*s + 2. What is g(2)?
-1744
Let b(d) = d**3 + 236*d**2 + 180*d - 12903. Give b(-235).
22
Let m(z) = -z**3 + 91*z**2 + 6661*z - 624. What is m(-48)?
-96
Let c(u) = -2*u**3 + 39*u**2 + 404*u + 37. Determine c(27).
10
Let h(x) = -x**3 - 625*x**2 + 8290*x - 46. What is h(13)?
-98
Let c(q) = 33238*q - 132936. Calculate c(4).
16
Let m(g) = -2*g**3 + 1648*g**2 + 3046*g + 213115. What is m(826)?
7
Let h(g) = 3958*g - 36050. Determine h(9).
-428
Let f(a) = 1626*a - 6345. What is f(4)?
159
Let h(t) = t**2 + 660*t + 31610. Calculate h(-608).
-6
Let m(s) = 6*s**3 + 1608*s**2 + 1603*s + 280. Give m(-267).
13
Let p(u) = 216*u + 9431. Give p(-45).
-289
Let m(l) = 65*l**3 - 2*l**2 + 3*l +